j(-7).
-1
Let f(d) be the third derivative of -d**6/120 - 13*d**5/30 - d**4 + 11*d**3/2 + 17*d**2 - 2*d. Give f(-25).
8
Let m(g) = -5 + 3*g + 7 + 0. Suppose 3*o + 4*x + 2 = 3*x, -3*x + 12 = 0. Let u(b) = -b**3 - 3*b**2 - 3*b. Let l be u(o). Give m(l).
8
Let j(u) = -12237*u**2 - 2*u + 1 + 12238*u**2 - 2*u. Let t = 3 + 2. Give j(t).
6
Suppose -4*g - 13 = -3*n, g - 4*g - n = 0. Let k(z) = 9*z**3 - 2*z**2 - z. Determine k(g).
-10
Let r(t) = t - 1035 + 4*t**2 + 1035 - 3*t**2. Give r(0).
0
Let z(h) be the second derivative of -h**3/3 - 15*h**2/2 - 176*h. Determine z(-6).
-3
Let z = -2687 + 2691. Let s(b) be the second derivative of -b**5/20 + b**4/4 + b**3 - 5*b**2/2 - b. What is s(z)?
3
Let y(m) = 17*m - 4 - 19*m + 1 + 3*m. Give y(-5).
-8
Let m be (-12)/(-10) - 2/10. Let d be (m/3)/(1/15). Suppose 0*f = -d*f + 25. Let k(q) = q**2 - 6*q + 2. What is k(f)?
-3
Let m = -72 - -72. Suppose s = -2*w - m*w, -3*s = 3*w + 6. Let u(z) = z**2 - z - 1. Determine u(w).
1
Let x be ((-22)/6)/(((-8)/4)/(-6)). Let m(n) = n + 6. Determine m(x).
-5
Let p(n) = 124*n + 117*n - 240*n + 12. Calculate p(0).
12
Let a(p) = -9*p - 9. Let x(l) be the second derivative of 5*l**3/3 + 5*l**2 + 2*l. Let i = -120 - -125. Let n(w) = i*x(w) + 6*a(w). Calculate n(-3).
8
Let b(z) = -4*z - 6. Let c(u) be the first derivative of -u**2/2 - u + 3. Let q(o) = 3*b(o) - 15*c(o). Calculate q(-5).
-18
Let n(y) be the second derivative of y**4/12 - y**3 - 19*y**2/2 + 270*y. Give n(10).
21
Let o(t) = t**2 - 19*t - 24. Let l be o(20). Let r(z) = 3 + 41*z - 1 - 44*z. Calculate r(l).
14
Suppose -44*g + 92 = -67*g. Let p(j) be the first derivative of j**4/4 + 5*j**3/3 + 2*j**2 - 1. Calculate p(g).
0
Suppose 20 = t - 5*t + 3*v, -4*t - v - 20 = 0. Let o(y) = 4*y - 30. Let b be o(7). Let i = t - b. Let l(n) = -n**2 - 2*n + 4. Calculate l(i).
1
Let a(t) = 18*t + 1. Let s be (18/(-15) - -1)/(1/(-5)). Give a(s).
19
Let g(q) = q**2 + q + 22. Let r(d) = -d**3 - d**2 - 4. Let l(n) = -2*n**3 - 3*n**2 - n - 7. Let k(j) = 4*l(j) - 7*r(j). Let c be k(-4). Give g(c).
22
Suppose 9*i = 4*i + 20. Let z(o) = 2*o**2 - o + 2. Let k(x) = 10 - x - 7 - x + 3*x**2. Let a(c) = 5*k(c) - 7*z(c). Determine a(i).
5
Let m = 30 - 9. Suppose 0 = -0*q - 3*q - m. Let k(w) = w + 8. Determine k(q).
1
Let f(m) = -1409*m**2 - 13*m - 10 + 1410*m**2 + 4*m. Determine f(11).
12
Let v(t) be the first derivative of t**3/3 - 4*t**2 - 5*t + 109. Determine v(8).
-5
Let l be 12*(-6)/(36/(-15)). Let u = 33 - l. Let g(s) = -s - 1 - 2 + u*s + 3*s. Determine g(2).
7
Let q(j) = -j**2 + 5*j - 1. Let t be (-3*4/(-30))/(1/25). Suppose -2*l = c, 3*l + 0*c = c + t. Calculate q(l).
5
Let g(z) = z + 4. Let x(c) = 3*c + 2. Let v be x(2). Suppose 0 = -4*t - 31 + 23. Let q = v + t. Determine g(q).
10
Suppose 99 = 5*c - n - 0*n, 3*c - 37 = -5*n. Let g = c + -17. Let r(k) = 4*k**2 + 4*k - k**g - 4*k**2 + 2*k**2. Give r(-4).
0
Let h(t) = -41208 + t + 2*t + 41203. What is h(6)?
13
Let w(y) = y**3 - 5*y**2 + 3*y - 2. Let u be (-1)/((-5)/19) + (-244)/305. Calculate w(u).
-11
Let q(d) = -d**2 - 6*d - 9. Let l be q(-3). Let o(n) = n**3 + 4*n**2 + 2*n - 1. Let a(x) = -2*x**3 - 9*x**2 - 5*x + 3. Let g(k) = 3*a(k) + 7*o(k). What is g(l)?
2
Let c(o) = o**2 + 14*o + 8. Let z = 350 + -363. Determine c(z).
-5
Let a(k) = -k**3 - 7*k**2 + k. Let z(u) = 3*u - 18. Let o be z(6). Suppose o*l + 5*l + 35 = 0. Calculate a(l).
-7
Let g(r) = 39 - 4*r - 6 + 6. Determine g(11).
-5
Let k = 163 - 157. Let i(x) = x + 5. Determine i(k).
11
Let c(x) = 3*x - 10. Let a(j) = 8*j - 31. Suppose -24*o + 21*o + 12 = 0. Let p(q) = o*a(q) - 11*c(q). Determine p(-7).
-7
Let v(n) = -4*n. Let l(y) = y**2 + 9*y - 11. Let d(f) = -f**3 - f**2 + 2*f - 2. Let x be d(2). Let h be l(x). Give v(h).
4
Let c(y) = -2*y**2 - y - 1. Let r be c(0). Let d(l) be the third derivative of 0*l + 1/6*l**3 + l**2 + 1/12*l**4 + 1/40*l**6 + 0 + 1/30*l**5. Determine d(r).
-2
Let l(n) = -37*n + 1. Let g(p) = p**3 + 21*p**2 + 40*p + 39. Let v be g(-19). Calculate l(v).
-36
Let g(m) = -m + 1. Let d(j) = -10*j**3 - 2*j**2 + 6*j - 5. Let y(r) = -d(r) - 5*g(r). Suppose 0 = -22*p + 14*p + 8. Give y(p).
11
Let j(q) be the second derivative of q**3/2 + 37*q**2/2 - q + 46. What is j(-13)?
-2
Let x(d) = -d - d**3 + 3*d + 4*d**2 - 6 + 6*d. Let j(w) = w**2 - 13*w + 5. Let f be j(13). Determine x(f).
9
Let o(m) = -10*m - 1. Let w = 9 - 1. Let q(f) = -f - 9. Let a(i) = -4*i - 27. Let b(v) = -2*a(v) + 7*q(v). Let h be b(w). Determine o(h).
9
Let k(c) be the second derivative of 0 + c + 1/2*c**3 + 1/2*c**2. Suppose 3*m - 12 = 3. Give k(m).
16
Let t(u) be the first derivative of u**2 - 22*u + 35. What is t(14)?
6
Let x(y) = y**2 - 4. Suppose 100 = 3*d + 2*d. Let z be 24/20*d/6. Suppose -t = -z*t. Give x(t).
-4
Suppose 346 = -7*q + 360. Let f(g) be the third derivative of 1/3*g**3 + 0 + 7*g**q + 0*g**5 + 0*g**4 + 0*g - 1/120*g**6. Give f(0).
2
Suppose -12 = 3*k + 6. Suppose 2*f - 4*r - 14 - 6 = 0, f = -r - 2. Let m(c) = -3*c**3 + 8*c + 2*c**2 + f*c**3 - 7*c**2 + 4 + 2. Calculate m(k).
-6
Suppose 0 = 4*m + 46 - 142. Suppose -g + 5*g = -m. Let b(v) = -v - 1. Determine b(g).
5
Let d(x) = 7*x**3 - x**2 + 10. Let f(a) = 19*a**3 - 2*a**2 - a + 28. Let p(r) = 11*d(r) - 4*f(r). What is p(3)?
10
Let q be -9*((-8)/3)/2. Suppose 3*l + q = -l + 5*k, -3*k + 16 = 2*l. Suppose -4*g - w + 3 = -l*w, -w = -g + 3. Let d(j) = j**2 - j - 13. What is d(g)?
-13
Let i(p) = 9*p**3 - 6*p - 16*p**3 + 5 - 4*p**2 + 8*p**3. Suppose x = 9 + 3. Let d = -7 + x. Determine i(d).
0
Let d(l) = -l - 1. Let y(m) = 11*m + 10. Let s(c) = -6*d(c) - y(c). Let g = 6 + -9. Let z be ((4 - g) + -4)*-1. Calculate s(z).
11
Let m(b) = b**3 - 4*b**2 - 6*b + 9. Suppose -61*d - 124 + 490 = 0. Calculate m(d).
45
Let i = -511 - -512. Let j(l) = l**3 - l**2 + 2*l - 3. Give j(i).
-1
Let n(h) = -h**3 - 24*h**2 - 24*h - 19. Let f be n(-23). Let k(q) be the first derivative of -q**2 + 3*q - 9. Determine k(f).
-5
Let n(m) = -m**2 + 6*m + 31. Let i(w) = -9*w**2 - 24*w - 3. Let c be i(-2). What is n(c)?
4
Let b(s) = -s**3 - 4*s**2 - 3*s - 4. Let i(z) = -z**3 + 5*z**2 - 5. Let q be i(5). Let c(o) = 1 + 4*o + 0 + o**2 + 4*o - 2*o. Let x be c(q). Give b(x).
8
Let x(w) = w**2 - 30 - 4*w**2 - 3*w**2 + 32 + 4*w**2 - 2*w. Determine x(2).
-10
Let n(b) = 2*b + 2149487 - 2149487 + 11*b**2. Give n(2).
48
Let l(f) = -f**3 + 3*f**2 + 3*f - 2. Let z be -14 + 12 - 0/(2/1). Let d be ((-13)/(-26))/(z/(-16)). Calculate l(d).
-6
Let l(y) = -y**2 + 13*y - 1. Let b be 3/2 + (-184)/(-16). What is l(b)?
-1
Let u(q) = -4*q - 4. Let n be (4/10)/((-145)/(-75) - 2). Give u(n).
20
Let r(z) = 3*z**2 - 2 + 8 - 2*z**2 + 0 + 20*z. Let n be r(-14). Let o be n/18 - 1/(-3). Let q(l) = -l**3 - 3*l**2 + 3*l + 4. Calculate q(o).
8
Suppose -150*m + 72 = -162*m. Let u(v) = 3*v**2 + 25*v + 20. Let w(g) = -g**2 - 8*g - 7. Let j(o) = -2*u(o) - 7*w(o). What is j(m)?
9
Suppose 0 = 3*j - 15. Suppose 11 = -4*b + j*u, -7*u - 20 = 4*b - 3*u. Let g(c) = -c**2 - 6*c - 2. Calculate g(b).
6
Let v(j) = -j + 2. Let g(i) = 12*i - 8. Let l(o) = -g(o) - 3*v(o). Give l(-3).
29
Let j(n) = 24*n**3 - 4*n**2 - 10*n + 4. Let w(a) = a**2 + 3*a - 1. Let b(g) = j(g) + 3*w(g). Determine b(1).
23
Let l(j) = -j + 4. Let q(i) = -i**3 - 3*i**2 + 3*i - 4. Let f(z) = z**2 + 3*z - 6. Let r be f(-5). Let p = 0 - r. Let k be q(p). Determine l(k).
4
Let u(a) be the third derivative of -a**4/12 + 3*a**3/2 - 2*a**2 - 16. Suppose -5*b = -2*b - 21. Determine u(b).
-5
Let h be 1/(-3) + (-9)/(-27). Let i(s) = s**2 + h - 9*s - 3 + 14*s - 10*s. Calculate i(6).
3
Let w(n) be the third derivative of -n**5/120 - n**4/6 - n**3/6 - n**2. Let o(l) be the first derivative of w(l). Let f = 676 + -672. Determine o(f).
-8
Let q(h) = -5*h**3 + 5*h**2 - 14*h - 14. Let y(u) = 4*u**3 - 7*u**2 + 13*u + 13. Let p(w) = 3*q(w) + 4*y(w). Determine p(12).
-14
Let b(l) be the second derivative of -1/2*l**2 - 1/6*l**3 - 12*l + 0. Suppose -j - j + 5*s = -31, j + 7 = -5*s. What is b(j)?
-9
Let f(x) = -x**2 - 4*x + 1. Suppose -3*m = -6*m + 9. Suppose -5*p + 29 = -3*q, -m*q + 2*q - 2*p + 5 = 0. Let z be -3 + q*4/6. What is f(z)?
-4
Let y(s) = 7*s + 10. Let q(g) = -38*g + 684. Let a be q(18). Calculate y(a).
10
Let t(j) = -10*j**2 + 5*j. Let f(k) = -10*k**2 + 6*k. Let c(y) = -5*f(y) + 6*t(y). Let m = 2 + -3. Determi